{"id":760,"date":"2021-12-24T09:34:24","date_gmt":"2021-12-24T08:34:24","guid":{"rendered":"https:\/\/technodif.fr\/?page_id=760"},"modified":"2022-03-22T09:52:09","modified_gmt":"2022-03-22T08:52:09","slug":"lentreprise","status":"publish","type":"page","link":"https:\/\/technodif.fr\/en\/lentreprise\/","title":{"rendered":"The company"},"content":{"rendered":"<p>[et_pb_section fb_built=\u00a0\u00bb1&Prime; _builder_version=\u00a0\u00bb4.15&Prime; _module_preset=\u00a0\u00bbdefault\u00a0\u00bb background_color=\u00a0\u00bb#FFFFFF\u00a0\u00bb custom_padding=\u00a0\u00bb4px|||||\u00a0\u00bb custom_css_main_element=\u00a0\u00bbclip-path: polygon(0 0, 100% 0, 100% 80%, 50% 100%, 0 80%);||z-index:5;||\u00a0\u00bb global_colors_info=\u00a0\u00bb{}\u00a0\u00bb][et_pb_row _builder_version=\u00a0\u00bb4.15&Prime; _module_preset=\u00a0\u00bbdefault\u00a0\u00bb custom_padding=\u00a0\u00bb54px||3px|||\u00a0\u00bb global_colors_info=\u00a0\u00bb{}\u00a0\u00bb][et_pb_column type=\u00a0\u00bb4_4&Prime; _builder_version=\u00a0\u00bb4.15&Prime; _module_preset=\u00a0\u00bbdefault\u00a0\u00bb global_colors_info=\u00a0\u00bb{}\u00a0\u00bb][et_pb_text _builder_version=\u00a0\u00bb4.15&Prime; _module_preset=\u00a0\u00bbdefault\u00a0\u00bb text_text_color=\u00a0\u00bb#0573c0&Prime; text_font_size=\u00a0\u00bb29px\u00a0\u00bb header_text_color=\u00a0\u00bb#0573c0&Prime; custom_css_main_element=\u00a0\u00bbfont-family: Jura_Bold;\u00a0\u00bb global_colors_info=\u00a0\u00bb{}\u00a0\u00bb]<\/p>\n<div class=\"et_pb_title_container\">\n<div class=\"entry-title\">L&rsquo;entreprise<\/div>\n<\/div>\n<p>[\/et_pb_text][\/et_pb_column][\/et_pb_row][\/et_pb_section][et_pb_section fb_built=\u00a0\u00bb1&Prime; _builder_version=\u00a0\u00bb4.15&Prime; _module_preset=\u00a0\u00bbdefault\u00a0\u00bb background_color=\u00a0\u00bb#0082ca\u00a0\u00bb custom_margin=\u00a0\u00bb-50px||||false|false\u00a0\u00bb custom_padding=\u00a0\u00bb50px||220px||false|false\u00a0\u00bb global_colors_info=\u00a0\u00bb{}\u00a0\u00bb][et_pb_row column_structure=\u00a0\u00bb1_2,1_2&Prime; _builder_version=\u00a0\u00bb4.15&Prime; _module_preset=\u00a0\u00bbdefault\u00a0\u00bb width=\u00a0\u00bb90%\u00a0\u00bb max_width=\u00a0\u00bb1380px\u00a0\u00bb global_colors_info=\u00a0\u00bb{}\u00a0\u00bb][et_pb_column type=\u00a0\u00bb1_2&Prime; _builder_version=\u00a0\u00bb4.15&Prime; _module_preset=\u00a0\u00bbdefault\u00a0\u00bb global_colors_info=\u00a0\u00bb{}\u00a0\u00bb][et_pb_text _builder_version=\u00a0\u00bb4.15&Prime; _module_preset=\u00a0\u00bbdefault\u00a0\u00bb text_font=\u00a0\u00bbJura||||||||\u00a0\u00bb text_text_color=\u00a0\u00bb#FFFFFF\u00a0\u00bb text_font_size=\u00a0\u00bb18px\u00a0\u00bb custom_margin=\u00a0\u00bb|||2px||\u00a0\u00bb global_colors_info=\u00a0\u00bb{}\u00a0\u00bb]<\/p>\n<h1 style=\"font-family: Jura_Bold; font-size: 35px; text-transform: uppercase; margin-bottom: 1rem;\">Fabricant fran\u00e7ais de fours professionnels<\/h1>\n<p style=\"font-family: Jura_Regular; text-align: justify;\">Fort d\u2019une solide exp\u00e9rience de 3 g\u00e9n\u00e9rations, et de l\u2019exigence technique de notre groupe TMFCT Bonnand Lornac, nous fabriquons nos fours enti\u00e8rement dans nos ateliers par un personnel soigneux et qualifi\u00e9. L\u2019H\u00e9ritage traditionnel n\u2019emp\u00eache pas un travail moderne avec nos machines \u00e0 commande num\u00e9rique, le bureau d\u2019\u00e9tudes high-tech de notre groupe et la d\u00e9coupe des aciers au laser pour la pr\u00e9cision moderne.<\/p>\n<p style=\"font-family: Jura_Regular; text-align: justify;\">La force du groupe TMFCT Bonnand Lornac est de pouvoir produire des<strong> fours pour l\u2019artisanat<\/strong> jusqu\u2019au\u00a0<strong> four tunnel industriel<\/strong> de 120 m\u00e8tre en passant par des syst\u00e8mes pour l\u2019industrie pharmaceutique. Ces savoirs faire apportent une r\u00e9elle valeur ajout\u00e9e aux <strong>fours professionnels TECHNODIF<\/strong>.<\/p>\n<p style=\"font-family: Jura_Regular; text-align: justify;\">Le souci de qualit\u00e9 est pr\u00e9serv\u00e9 par un contr\u00f4le exigeant de notre bureau d\u2019\u00e9tudes. Chaque <strong>four<\/strong> est pr\u00e9-mont\u00e9 en usine au nom du futur client et chaque \u00e9tape est contr\u00f4l\u00e9e avec un cahier des charges rigoureux. L\u2019utilisation de mat\u00e9riaux nobles (inox et aciers de forte \u00e9paisseur\u2026) et des proc\u00e9d\u00e9s de fabrication de tr\u00e8s haute qualit\u00e9 (dalles de cuisson, soudures fortes, c\u00e2blage avec banc d\u2019essai\u2026) assure l\u2019aspect durable de notre production.<\/p>\n<p>[\/et_pb_text][\/et_pb_column][et_pb_column type=\u00a0\u00bb1_2&Prime; _builder_version=\u00a0\u00bb4.15&Prime; _module_preset=\u00a0\u00bbdefault\u00a0\u00bb global_colors_info=\u00a0\u00bb{}\u00a0\u00bb][et_pb_gallery gallery_ids=\u00a0\u00bb765,764,763&Prime; fullwidth=\u00a0\u00bbon\u00a0\u00bb _builder_version=\u00a0\u00bb4.15&Prime; _module_preset=\u00a0\u00bbdefault\u00a0\u00bb auto=\u00a0\u00bbon\u00a0\u00bb auto_speed=\u00a0\u00bb4000&Prime; global_colors_info=\u00a0\u00bb{}\u00a0\u00bb][\/et_pb_gallery][\/et_pb_column][\/et_pb_row][\/et_pb_section][et_pb_section fb_built=\u00a0\u00bb1&Prime; _builder_version=\u00a0\u00bb4.15&Prime; _module_preset=\u00a0\u00bbdefault\u00a0\u00bb background_color=\u00a0\u00bb#eb0029&Prime; custom_margin=\u00a0\u00bb-200px||20px||false|false\u00a0\u00bb custom_padding=\u00a0\u00bb90px||||false|false\u00a0\u00bb custom_css_main_element=\u00a0\u00bbclip-path: polygon(50% 0, 50% 0, 100% 10%, 100% 100%, 0 100%, 0 10%);\u00a0\u00bb global_colors_info=\u00a0\u00bb{}\u00a0\u00bb][et_pb_row column_structure=\u00a0\u00bb1_2,1_2&Prime; _builder_version=\u00a0\u00bb4.15&Prime; _module_preset=\u00a0\u00bbdefault\u00a0\u00bb width=\u00a0\u00bb90%\u00a0\u00bb max_width=\u00a0\u00bb1380px\u00a0\u00bb locked=\u00a0\u00bboff\u00a0\u00bb global_colors_info=\u00a0\u00bb{}\u00a0\u00bb][et_pb_column type=\u00a0\u00bb1_2&Prime; _builder_version=\u00a0\u00bb4.15&Prime; _module_preset=\u00a0\u00bbdefault\u00a0\u00bb global_colors_info=\u00a0\u00bb{}\u00a0\u00bb][et_pb_text disabled_on=\u00a0\u00bbon|on|off\u00a0\u00bb _builder_version=\u00a0\u00bb4.15&Prime; _module_preset=\u00a0\u00bbdefault\u00a0\u00bb use_background_color_gradient=\u00a0\u00bbon\u00a0\u00bb background_image=\u00a0\u00bbhttps:\/\/technodif.fr\/wp-content\/uploads\/2021\/12\/IMG_7234-e1642514416142.jpg\u00a0\u00bb height=\u00a0\u00bb500px\u00a0\u00bb global_colors_info=\u00a0\u00bb{}\u00a0\u00bb][\/et_pb_text][\/et_pb_column][et_pb_column type=\u00a0\u00bb1_2&Prime; _builder_version=\u00a0\u00bb4.15&Prime; _module_preset=\u00a0\u00bbdefault\u00a0\u00bb global_colors_info=\u00a0\u00bb{}\u00a0\u00bb][et_pb_text _builder_version=\u00a0\u00bb4.15.1&Prime; _module_preset=\u00a0\u00bbdefault\u00a0\u00bb text_font=\u00a0\u00bbJura||||||||\u00a0\u00bb text_text_color=\u00a0\u00bb#FFFFFF\u00a0\u00bb text_font_size=\u00a0\u00bb18px\u00a0\u00bb custom_padding=\u00a0\u00bb49px||||false|false\u00a0\u00bb locked=\u00a0\u00bboff\u00a0\u00bb global_colors_info=\u00a0\u00bb{}\u00a0\u00bb]<\/p>\n<h2 style=\"font-family: Jura_Bold; font-size: 35px; text-transform: uppercase; margin-bottom: 1rem;\">Installation de mat\u00e9riel professionnel<\/h2>\n<p>L\u2019exp\u00e9rience n\u2019est sublim\u00e9e que si on la confronte aux nouvelles r\u00e9alit\u00e9s. Et ce, nous nous y attelons tous les jours avec notre activit\u00e9 d\u2019installateur de <strong>mat\u00e9riel de boulangerie-p\u00e2tisserie, <\/strong>m\u00e9tiers de bouche et industrie agroalimentaire.<\/p>\n<p>Notre division <span>mat\u00e9rielle<\/span> installe nos fours et tout le mat\u00e9riel (froid \/ chaud \/ travail de la p\u00e2te\u2026) de diverses marques (Panimatic, VMI, Jac\u2026) et en assure le SAV de qualit\u00e9.<\/p>\n<p>Nos techniciens sont en permanence form\u00e9s aux nouvelles technicit\u00e9s des machines et valident r\u00e9guli\u00e8rement les labels qualit\u00e9 exig\u00e9s.<\/p>\n<p>[\/et_pb_text][et_pb_text disabled_on=\u00a0\u00bboff|off|on\u00a0\u00bb _builder_version=\u00a0\u00bb4.15&Prime; _module_preset=\u00a0\u00bbdefault\u00a0\u00bb use_background_color_gradient=\u00a0\u00bbon\u00a0\u00bb background_image=\u00a0\u00bbhttps:\/\/technodif.fr\/wp-content\/uploads\/2021\/12\/IMG_7234-e1642514416142.jpg\u00a0\u00bb height=\u00a0\u00bb500px\u00a0\u00bb global_colors_info=\u00a0\u00bb{}\u00a0\u00bb][\/et_pb_text][\/et_pb_column][\/et_pb_row][\/et_pb_section]<\/p>\n","protected":false},"excerpt":{"rendered":"<p>The company French manufacturer of professional ovens Backed by the solid experience of 3 generations, and the technical rigour of our group TMFCT Bonnand Lornac, we manufacture our ovens entirely in our own workshops by careful, qualified staff. Our traditional heritage does not prevent us from working to the very latest standards, with our digitally-controlled machines, our high-tech design office...<\/p>","protected":false},"author":1,"featured_media":766,"parent":0,"menu_order":0,"comment_status":"closed","ping_status":"closed","template":"","meta":{"_acf_changed":false,"_seopress_robots_primary_cat":"","_seopress_titles_title":"Pr\u00e9sentation de Technodif, fabricant fran\u00e7ais de fours","_seopress_titles_desc":"Trouvez votre four boulangerie : four \u00e0 sole modulable, four \u00e0 sole boulanger, four \u00e0 sole traditionnel.","_seopress_robots_index":"","_et_pb_use_builder":"on","_et_pb_old_content":"","_et_gb_content_width":"","footnotes":""},"class_list":{"0":"post-760","1":"page","2":"type-page","3":"status-publish","4":"has-post-thumbnail","6":"infinite-scroll-item"},"acf":[],"_links":{"self":[{"href":"https:\/\/technodif.fr\/en\/wp-json\/wp\/v2\/pages\/760","targetHints":{"allow":["GET"]}}],"collection":[{"href":"https:\/\/technodif.fr\/en\/wp-json\/wp\/v2\/pages"}],"about":[{"href":"https:\/\/technodif.fr\/en\/wp-json\/wp\/v2\/types\/page"}],"author":[{"embeddable":true,"href":"https:\/\/technodif.fr\/en\/wp-json\/wp\/v2\/users\/1"}],"replies":[{"embeddable":true,"href":"https:\/\/technodif.fr\/en\/wp-json\/wp\/v2\/comments?post=760"}],"version-history":[{"count":50,"href":"https:\/\/technodif.fr\/en\/wp-json\/wp\/v2\/pages\/760\/revisions"}],"predecessor-version":[{"id":1666,"href":"https:\/\/technodif.fr\/en\/wp-json\/wp\/v2\/pages\/760\/revisions\/1666"}],"wp:featuredmedia":[{"embeddable":true,"href":"https:\/\/technodif.fr\/en\/wp-json\/wp\/v2\/media\/766"}],"wp:attachment":[{"href":"https:\/\/technodif.fr\/en\/wp-json\/wp\/v2\/media?parent=760"}],"curies":[{"name":"wp","href":"https:\/\/api.w.org\/{rel}","templated":true}]}}

<p>[et_pb_section fb_built= »1&Prime; _builder_version= »4.15&Prime; _module_preset= »default » background_color= »#FFFFFF » custom_padding= »4px||||| » custom_css_main_element= »clip-path: polygon(0 0, 100% 0, 100% 80%, 50% 100%, 0 80%);||z-index:5;|| » global_colors_info= »{} »][et_pb_row _builder_version= »4.15&Prime; _module_preset= »default » custom_padding= »54px||3px||| » global_colors_info= »{} »][et_pb_column type= »4_4&Prime; _builder_version= »4.15&Prime; _module_preset= »default » global_colors_info= »{} »][et_pb_text _builder_version= »4.15&Prime; _module_preset= »default » text_text_color= »#0573c0&Prime; text_font_size= »29px » header_text_color= »#0573c0&Prime; custom_css_main_element= »font-family: Jura_Bold; » global_colors_info= »{} »]</p>
<div class="et_pb_title_container">
<div class="entry-title">L&rsquo;entreprise</div>
</div>
<p>[/et_pb_text][/et_pb_column][/et_pb_row][/et_pb_section][et_pb_section fb_built= »1&Prime; _builder_version= »4.15&Prime; _module_preset= »default » background_color= »#0082ca » custom_margin= »-50px||||false|false » custom_padding= »50px||220px||false|false » global_colors_info= »{} »][et_pb_row column_structure= »1_2,1_2&Prime; _builder_version= »4.15&Prime; _module_preset= »default » width= »90% » max_width= »1380px » global_colors_info= »{} »][et_pb_column type= »1_2&Prime; _builder_version= »4.15&Prime; _module_preset= »default » global_colors_info= »{} »][et_pb_text _builder_version= »4.15&Prime; _module_preset= »default » text_font= »Jura|||||||| » text_text_color= »#FFFFFF » text_font_size= »18px » custom_margin= »|||2px|| » global_colors_info= »{} »]</p>
<h1 style="font-family: Jura_Bold; font-size: 35px; text-transform: uppercase; margin-bottom: 1rem;">Fabricant français de fours professionnels</h1>
<p style="font-family: Jura_Regular; text-align: justify;">Fort d’une solide expérience de 3 générations, et de l’exigence technique de notre groupe TMFCT Bonnand Lornac, nous fabriquons nos fours entièrement dans nos ateliers par un personnel soigneux et qualifié. L’Héritage traditionnel n’empêche pas un travail moderne avec nos machines à commande numérique, le bureau d’études high-tech de notre groupe et la découpe des aciers au laser pour la précision moderne.</p>
<p style="font-family: Jura_Regular; text-align: justify;">La force du groupe TMFCT Bonnand Lornac est de pouvoir produire des<strong> fours pour l’artisanat</strong> jusqu’au <strong> four tunnel industriel</strong> de 120 mètre en passant par des systèmes pour l’industrie pharmaceutique. Ces savoirs faire apportent une réelle valeur ajoutée aux <strong>fours professionnels TECHNODIF</strong>.</p>
<p style="font-family: Jura_Regular; text-align: justify;">Le souci de qualité est préservé par un contrôle exigeant de notre bureau d’études. Chaque <strong>four</strong> est pré-monté en usine au nom du futur client et chaque étape est contrôlée avec un cahier des charges rigoureux. L’utilisation de matériaux nobles (inox et aciers de forte épaisseur…) et des procédés de fabrication de très haute qualité (dalles de cuisson, soudures fortes, câblage avec banc d’essai…) assure l’aspect durable de notre production.</p>
<p>[/et_pb_text][/et_pb_column][et_pb_column type= »1_2&Prime; _builder_version= »4.15&Prime; _module_preset= »default » global_colors_info= »{} »][et_pb_gallery gallery_ids= »765,764,763&Prime; fullwidth= »on » _builder_version= »4.15&Prime; _module_preset= »default » auto= »on » auto_speed= »4000&Prime; global_colors_info= »{} »][/et_pb_gallery][/et_pb_column][/et_pb_row][/et_pb_section][et_pb_section fb_built= »1&Prime; _builder_version= »4.15&Prime; _module_preset= »default » background_color= »#eb0029&Prime; custom_margin= »-200px||20px||false|false » custom_padding= »90px||||false|false » custom_css_main_element= »clip-path: polygon(50% 0, 50% 0, 100% 10%, 100% 100%, 0 100%, 0 10%); » global_colors_info= »{} »][et_pb_row column_structure= »1_2,1_2&Prime; _builder_version= »4.15&Prime; _module_preset= »default » width= »90% » max_width= »1380px » locked= »off » global_colors_info= »{} »][et_pb_column type= »1_2&Prime; _builder_version= »4.15&Prime; _module_preset= »default » global_colors_info= »{} »][et_pb_text disabled_on= »on|on|off » _builder_version= »4.15&Prime; _module_preset= »default » use_background_color_gradient= »on » background_image= »https://technodif.fr/wp-content/uploads/2021/12/IMG_7234-e1642514416142.jpg » height= »500px » global_colors_info= »{} »][/et_pb_text][/et_pb_column][et_pb_column type= »1_2&Prime; _builder_version= »4.15&Prime; _module_preset= »default » global_colors_info= »{} »][et_pb_text _builder_version= »4.15.1&Prime; _module_preset= »default » text_font= »Jura|||||||| » text_text_color= »#FFFFFF » text_font_size= »18px » custom_padding= »49px||||false|false » locked= »off » global_colors_info= »{} »]</p>
<h2 style="font-family: Jura_Bold; font-size: 35px; text-transform: uppercase; margin-bottom: 1rem;">Installation de matériel professionnel</h2>
<p>L’expérience n’est sublimée que si on la confronte aux nouvelles réalités. Et ce, nous nous y attelons tous les jours avec notre activité d’installateur de <strong>matériel de boulangerie-pâtisserie, </strong>métiers de bouche et industrie agroalimentaire.</p>
<p>Notre division <span>matérielle</span> installe nos fours et tout le matériel (froid / chaud / travail de la pâte…) de diverses marques (Panimatic, VMI, Jac…) et en assure le SAV de qualité.</p>
<p>Nos techniciens sont en permanence formés aux nouvelles technicités des machines et valident régulièrement les labels qualité exigés.</p>
<p>[/et_pb_text][et_pb_text disabled_on= »off|off|on » _builder_version= »4.15&Prime; _module_preset= »default » use_background_color_gradient= »on » background_image= »https://technodif.fr/wp-content/uploads/2021/12/IMG_7234-e1642514416142.jpg » height= »500px » global_colors_info= »{} »][/et_pb_text][/et_pb_column][/et_pb_row][/et_pb_section]</p>

Présentation de Technodif, fabricant français de fours

Trouvez votre four boulangerie : four à sole modulable, four à sole boulanger, four à sole traditionnel.
